7 a multiple of 3501?
True
Is 49 a factor of 411350541?
True
Does 38 divide 248987751?
False
Does 12 divide 2991171853?
False
Does 3466 divide 238183520?
True
Is 279 a factor of 4356977832?
True
Does 192 divide 68625216?
True
Is 619 a factor of 8355881?
True
Does 12 divide 33437137?
False
Is 31 a factor of 562015678?
True
Is 2847 a factor of 37026132?
False
Does 1167 divide 25561968?
True
Is 246 a factor of 233851044?
True
Is 17255400 a multiple of 10?
True
Does 162 divide 195769278?
False
Is 31 a factor of 34515121?
True
Is 1306560672 a multiple of 5497?
False
Does 154 divide 10279808?
True
Is 36869439 a multiple of 220?
False
Is 4024939312 a multiple of 31?
True
Is 1262 a factor of 12110527?
False
Is 808 a factor of 3164226196?
False
Is 43 a factor of 528206281?
True
Is 125237740 a multiple of 20?
True
Is 9 a factor of 116098461?
True
Does 32 divide 20151950?
False
Is 30 a factor of 197393416?
False
Does 13 divide 595368553?
True
Is 8 a factor of 76686203?
False
Does 488 divide 6230776987?
False
Is 1094256 a multiple of 72?
True
Is 1030391593 a multiple of 77?
True
Is 415 a factor of 61124520?
True
Is 4 a factor of 10315366?
False
Does 2531 divide 1681725481?
True
Is 413 a factor of 14675955?
True
Is 145002969 a multiple of 9?
True
Is 5 a factor of 569819?
False
Is 1125853287 a multiple of 97?
False
Is 146704418 a multiple of 260?
False
Is 18629840 a multiple of 120?
False
Is 195 a factor of 409638092?
False
Is 2548 a factor of 135790564?
True
Is 48 a factor of 10775472?
True
Is 12441 a factor of 1631503004?
False
Is 652943550 a multiple of 10?
True
Is 93495081 a multiple of 4?
False
Is 431 a factor of 318436161?
True
Is 11 a factor of 1849309?
True
Is 488 a factor of 212529785?
False
Does 2 divide 1140039?
False
Is 2663 a factor of 374433281?
False
Is 21 a factor of 969303321?
True
Does 401 divide 1635435192?
True
Is 715 a factor of 49082352?
False
Is 10428099 a multiple of 11?
True
Is 18034926 a multiple of 34?
True
Is 147579692 a multiple of 53?
False
Does 18 divide 1987792885?
False
Is 4196478 a multiple of 134?
True
Is 683 a factor of 9867412?
False
Does 77 divide 3472291053?
True
Does 12 divide 85331712?
True
Does 6 divide 2606301237?
False
Is 321 a factor of 6780738?
False
Does 8 divide 1585564920?
True
Is 310 a factor of 3071612680?
True
Is 226 a factor of 1027744944?
True
Is 26 a factor of 1830585679?
False
Is 253247295 a multiple of 3477?
True
Is 68 a factor of 969766632?
True
Is 35552215 a multiple of 29?
False
Does 54 divide 431636384?
False
Is 91088380 a multiple of 485?
False
Is 9 a factor of 1496278?
False
Does 239 divide 518535259?
False
Is 199 a factor of 108973992?
True
Is 14098729 even?
False
Is 625471691 a multiple of 26?
False
Is 491 a factor of 37133305?
False
Does 1534 divide 579281730?
False
Is 4 a factor of 2491868?
True
Is 3 a factor of 106207989?
True
Is 14 a factor of 331707577?
False
Does 7 divide 256082950?
False
Does 366 divide 25202661?
False
Is 1963496213 a multiple of 708?
False
Is 740 a factor of 19731360?
True
Is 187791240 a multiple of 4060?
True
Is 131 a factor of 757810384?
False
Is 748215 a multiple of 85?
False
Does 479 divide 237614006?
False
Is 1000434063 a multiple of 2364?
False
Is 23 a factor of 14819889?
True
Does 63 divide 31308732?
True
Is 6075912 a multiple of 2?
True
Does 168 divide 7836864?
True
Is 357054048 a multiple of 312?
True
Is 1660966 a multiple of 18?
False
Is 435 a factor of 36697423?
False
Is 37956160 a multiple of 10?
True
Does 231 divide 1538845423?
False
Does 56 divide 80770477?
False
Is 8763658 a multiple of 6?
False
Is 32 a factor of 230184?
False
Does 5 divide 166218338?
False
Does 104 divide 60181472?
True
Is 175785146 a multiple of 11?
False
Does 969 divide 326765523?
False
Is 8478647 a multiple of 195?
False
Is 695082636 a multiple of 4749?
True
Is 3015709785 a multiple of 12?
False
Does 291 divide 3540195?
False
Is 122739638 a multiple of 83?
False
Does 154 divide 294993776?
True
Is 360 a factor of 7592203?
False
Is 2394910938 a multiple of 746?
False
Does 960 divide 84490560?
True
Is 755732813 a multiple of 16?
False
Does 3 divide 624648331?
False
Is 665 a factor of 42375179?
False
Is 170251733 even?
False
Is 15 a factor of 216711570?
True
Is 55 a factor of 6124418?
False
Is 4087128 a multiple of 114?
True
Does 2003 divide 102337276?
True
Is 302 a factor of 1745670532?
True
Does 711 divide 144151695?
True
Is 2223 a factor of 306916272?
True
Does 138 divide 262157496?
True
Is 8208460 a multiple of 2620?
True
Does 493 divide 40283030?
True
Is 35694750 a multiple of 1750?
True
Is 23 a factor of 1126504249?
False
Is 265214506 a multiple of 521?
False
Does 25 divide 14963550?
True
Does 16 divide 19636197?
False
Is 151 a factor of 241433413?
False
Does 23 divide 7976856?
False
Does 3232 divide 84248544?
True
Is 695 a factor of 74166925?
True
Does 41 divide 64596445?
False
Does 1960 divide 42164680?
False
Does 168 divide 39455808?
True
Does 21 divide 75129558?
True
Does 1525 divide 64048100?
False
Is 288 a factor of 218667434?
False
Is 590810624 a multiple of 64?
True
Is 145 a factor of 14735929?
False
Is 1254 a factor of 8426880?
True
Is 13 a factor of 34260556?
False
Is 463079427 a multiple of 129?
True
Is 10790 a factor of 411767182?
False
Is 5886440088 a multiple of 2396?
True
Is 53 a factor of 27857118?
True
Is 11 a factor of 972750221?
False
Does 1723 divide 57980547?
False
Does 17 divide 1318747?
False
Is 7827478 a multiple of 164?
False
Is 1088 a factor of 238385152?
True
Does 1833 divide 30303156?
True
Is 52 a factor of 45271564?
True
Is 620273090 a multiple of 3293?
False
Is 216 a factor of 49899456?
True
Does 20 divide 12722034?
False
Is 23207384 a multiple of 806?
False
Does 110 divide 3099782840?
True
Is 623 a factor of 42459946?
False
Does 5 divide 65211265?
True
Is 1428 a factor of 145149060?
True
Does 44 divide 313553196?
True
Is 5212576 a multiple of 30?
False
Is 56 a factor of 1953224?
True
Is 158244421 a multiple of 8?
False
Does 36 divide 215677383?
False
Does 9 divide 214722?
True
Is 5 a factor of 113024329?
False
Is 44970997 a multiple of 62?
False
Is 1284396354 a multiple of 111?
False
Is 15731778 a multiple of 18?
False
Is 954977211 a multiple of 81?
False
Is 3 a factor of 41185991?
False
Is 5 a factor of 402505905?
True
Is 37 a factor of 43142559?
False
Is 1496618 even?
True
Is 459295639 a multiple of 3047?
True
Does 719 divide 90929773?
True
Is 374 a factor of 196247512?
False
Is 16 a factor of 67778654?
False
Is 461 a factor of 33490267?
True
Is 14085900 a multiple of 5?
True
Is 709 a factor of 88585296?
True
Does 10 divide 66428970?
True
Is 1337 a factor of 32082652?
True
Is 1754 a factor of 51707820?
False
Is 306 a factor of 1723549743?
False
Is 939 a factor of 68104533?
False
Does 14 divide 2471615174?
True
Is 171413362 a multiple of 466?
False
Is 37 a factor of 27808460?
True
Is 753 a factor of 355641147?
True
Is 794180271 a multiple of 101?
True
Is 731 a factor of 2066512877?
True
Does 1223 divide 160007536?
True
Does 5 divide 227034529?
False
Is 4560371006 a multiple of 53?
False
Is 658031580 a multiple of 29?
False
Does 2570 divide 8941030?
True
Is 13 a factor of 41752607?
True
Does 540 divide 288087840?
True
Is 2 a factor of 46090762?
True
Is 13 a factor of 394756297?
True
Is 164 a factor of 166838822?
False
Is 34 a factor of 16346388?
False
Is 16 a factor of 7121360?
True
Is 12433885 a multiple of 85?
True
Is 146155686 a multiple of 606?
True
Is 22898438 a multiple of 6?
False
Is 7957 a factor of 861206839?
False
Is 25 a factor of 171160328?
False
Does 40 divide 50317080?
True
Is 16 a factor of 51744011?
False
Is 4 a factor of 19968924?
True
Is 1808808 a multiple of 24?
True
Does 38 divide 91866862?
True
Is 3644 a factor of 860075192?
False
Is 3152405883 a multiple of 407?
True
Is 9 a factor of 1562982208?
False
Is 342641072 a multiple of 101?
False
Does 7 divide 608643315?
True
Does 13 divide 1060914719?
False
Is 305264453 a multiple of 1703?
True
Is 9 a factor of 69732034?
False
Does 3184 divide 1119628972?
False
Is 18035222 a multiple of 9?
False
Does 1235 divide 6583353162?
False
Is 770648893 a multiple of 64?
False
Does 34 divide 77671300?
True
Does 4 divide 1956428?
True
Is 83 a factor of 117471343?
False
Does 3826 divide 2855266